 l?
0
Suppose -u + b + 117 = 0, 3*u - 158 = 4*b + 193. Suppose 18 = k + 89. Let d = k + u. What is the tens digit of d?
4
Suppose d = -b + 1864, -31*b - 3*d + 1864 = -30*b. What is the thousands digit of b?
1
Let c(s) = -s**3 + 14*s**2 + 30*s + 26. What is the tens digit of c(14)?
4
Let f be (3*16)/((-8)/(-12)*-1). What is the units digit of (11/(-4))/(9/f)?
2
Let z be (-32)/6 - 2/(-6). Let t be (114/15)/((-1)/z). Let y = t - 5. What is the units digit of y?
3
What is the tens digit of (7 - (-5 + 9)) + 1410?
1
Suppose 0 = -3*s + 2*u + 1 + 3, -4*u = -s - 2. Suppose s*m = 5*n - 3*n + 20, -4*n = -2*m + 28. What is the units digit of m?
6
Let h be (-34)/(-8) - 1/4. Let a(n) = -n**3 + 5*n**2 - n - 10. Let s be a(4). Suppose 0 = -s*l + w + 78, 3*w + 116 = h*l - 40. What is the units digit of l?
9
Suppose k - 4432 = -a + 40, -5*k = -3*a + 13440. What is the units digit of a?
5
Suppose -4*s = -10*s + 312. Suppose 0 - 9 = -3*l. Suppose l*g - s = 8. What is the tens digit of g?
2
Let h(p) = -p**2 - 1. Let x(o) = 3*o**2 - 5*o + 7. Let w(a) = 2*h(a) + x(a). What is the tens digit of w(11)?
7
Let r(s) = 2*s**3 - 29*s**2 + 19*s - 3. Let m be 21/(((-110)/44)/((-5)/3)). What is the units digit of r(m)?
7
Let u(n) = 3*n - 4 + 5 - 1 - 5. What is the units digit of u(10)?
5
Let y(f) be the third derivative of f**6/120 - f**5/10 - 3*f**4/8 + f**3/6 + 7*f**2. What is the units digit of y(8)?
7
Let l(a) = 270*a - 127. What is the hundreds digit of l(16)?
1
Suppose -2*b + 60 = -0*b - 4*v, 5*b + 2*v = 138. Let z be b - 2 - 8/4. What is the units digit of ((-2)/4)/((-2)/z)?
6
Suppose 8*k + 3*i = 6*k - 2, -i = k. Suppose 0 = -5*x + k*x + 153. What is the units digit of x?
1
Suppose n - 4*n = 111. Let a = -25 - n. What is the tens digit of a?
1
Let o(z) = -2*z + 14. Let q be o(6). Suppose -4*t = -q - 6. Suppose 0 = t*a + 1 - 51. What is the tens digit of a?
2
Let j(o) = -o**2 - 5*o - 2. Let u be j(-4). Suppose -10 = -v + 5*z, u*z = 4*v - 3*v - 25. Let l = v + -19. What is the tens digit of l?
1
Let y be ((-18)/(-30)*2)/(4/10). Suppose 0 = d - 73 - y. What is the tens digit of d?
7
Let o = -733 - -939. What is the tens digit of o?
0
Let v be (-10)/(-3)*(10 - 4). Suppose 5*h - v = h. Suppose -h*k - 6 = 3*s - 5*s, 3*s = -2*k + 47. What is the units digit of s?
3
Suppose 4*o = -3283 + 14515. What is the thousands digit of o?
2
Let w(k) = k**2 - 2. Let y be w(-2). Suppose -g = 4*s - 654, y*s + 2*g = s + 160. What is the tens digit of s?
6
Suppose -2*k = -3*a - 1006, -559 = -k + 3*a - 50. What is the tens digit of k?
9
Suppose x - 2*n = -14, 0 = -5*x + 3*n - 80 + 24. Let g = x - -18. Let q = g - -12. What is the tens digit of q?
2
What is the hundreds digit of ((-4434)/8)/(13/(-52))?
2
Let p be (1 - 2)/(1/(-2)). Suppose 3*u - 30 = -3*u. Suppose -88 = -2*m + p*i, 0*i = u*m + 3*i - 220. What is the units digit of m?
4
Let r be ((-215)/15)/(2/(-12)). Let p = r + -51. What is the units digit of ((-2)/(-5))/(1/p)?
4
Let f = 21 - 10. Let t(q) = -8*q - 4 + 4 + q**2 + f*q. What is the units digit of t(-4)?
4
Let c = 577 + 440. What is the tens digit of c?
1
Let m = -82 + 219. What is the tens digit of m?
3
What is the units digit of -22 + 16 - -19*6?
8
Let o(f) = f**3 - 6*f**2 + 6*f - 5. Let m be o(5). Suppose 2*d = -m*d. Suppose d = -5*b + 4*v + 22 + 70, -5*v + 10 = 0. What is the tens digit of b?
2
Let r(b) = -b**3 + 18*b**2 - 2*b + 18. Let h be r(17). What is the units digit of h/6 + (-9)/6?
4
Let m(y) = y**2 + 8*y. Let i be m(-9). Suppose g - b = -i + 35, g - 3*b = 34. What is the units digit of 150/g + 2/11?
7
Let f = 2901 - 1572. What is the units digit of f?
9
Let g be 1/((-21)/9)*-7. Suppose 101 = f - 3*c, g*c + 83 + 128 = 2*f. What is the hundreds digit of f?
1
Let n(y) = -y**2 + 34*y + 15. What is the hundreds digit of n(15)?
3
Let r(o) = o**3 - 7*o**2 - 5*o - 11. Let j = 18 - 10. What is the tens digit of r(j)?
1
Let b(u) be the third derivative of u**6/120 - 13*u**5/60 - u**4/24 + 11*u**3/6 + u**2. Let x be b(13). Let s = 29 + x. What is the units digit of s?
7
Suppose -3*t - 80 = -n, -8*n = -10*n + t + 135. What is the units digit of n?
5
Let v(r) = -r**2 - 41*r - 22. What is the units digit of v(-28)?
2
Suppose -19*r - 25961 = -32*r. What is the tens digit of r?
9
Let o = -86 + 90. What is the units digit of -338*3*o/(-24)?
9
Suppose -2*h = 52 + 44. Let k = h - -121. What is the units digit of k?
3
Let k(z) = z**2 + 7*z + 8. Let o be k(-3). What is the units digit of 5/(1 - o/(-8))?
0
Let o(i) = i**3 + 14*i**2 - 16*i + 2. Let n be o(-15). Let l = n + -2. What is the tens digit of l?
1
Let b(t) = 13*t - 10. Let s(p) = -13*p + 10. Let h(d) = 5*b(d) + 4*s(d). What is the tens digit of h(6)?
6
Let c = 73 + -33. Suppose -356 = 36*w - c*w. What is the tens digit of w?
8
Let y be (-1)/(0 - 2/526). Suppose 0*d + 150 = 3*v - 2*d, -d = 5*v - y. What is the tens digit of v?
5
Let t be (-24)/(-8) + (-3)/(-3). Suppose 2*d = -g + 36, -t*d - d = -2*g + 54. What is the units digit of g?
2
Let p = 91 + -50. Let d = 89 - p. What is the units digit of d?
8
What is the hundreds digit of (-5744)/(-10) + -1 - (-3)/5?
5
Let g(o) = 2*o**2 + 11*o + 6. Let r be g(-7). Let d = r - -49. Let c = d + -19. What is the units digit of c?
7
Suppose -4*j + 10482 = -2*w, -3*j + 11*w = 13*w - 7879. What is the thousands digit of j?
2
Let n(u) = 34*u - u**2 + 42*u - 91*u - 11. Let y(v) = -v**2 - v + 4. Let d be y(3). What is the units digit of n(d)?
5
Let u(q) = 345*q**3 - 3*q**2 + 4*q - 2. What is the units digit of u(1)?
4
Let p = 50 - 50. Suppose -6*h + 246 = -p*h. What is the units digit of h?
1
Let h(q) = 663*q**2 - 4*q - 3. What is the tens digit of h(-1)?
6
Let l = 18 + -3. Suppose -2*i + 87 = -y - 0*y, -4*i - 5*y + 209 = 0. Let g = i - l. What is the tens digit of g?
3
Suppose 5*a - 33 + 13 = 0. Suppose a*s - 196 = -3*s. What is the tens digit of s?
2
Let t(z) = -10*z + 5. Let j be t(-7). Suppose -r + 29 = -j. What is the tens digit of r?
0
Let q be (-3)/(-6)*(-6)/3. Let s(a) be the third derivative of -5*a**4/8 - 9*a**2. What is the tens digit of s(q)?
1
Suppose -q + 51 = -14. Suppose -3*g + 14 = 2*t - 17, 0 = -5*t - 5*g + q. Suppose -o + t = 3. What is the units digit of o?
5
Suppose 5*a + 0*a = 0, 0 = -3*q - 3*a + 2118. What is the hundreds digit of q?
7
Let t be (-12)/3 - (1 - 10). Suppose t*h = 38 + 2. What is the tens digit of (54/h)/(9/48)?
3
Let d be -2 + 22/12 - (-2)/12. Suppose d = -7*l + 4*l + 18. What is the units digit of l?
6
Let t(u) = 160*u - 8. Let c be t(8). Suppose 9*p - c = 13*p. What is the tens digit of p/(-27) - (-2)/9?
1
What is the units digit of (531/12 - -5)/(5/360)?
6
Let t(c) = 3*c + 4. Let q be t(3). Let d = -13 + q. Suppose -5*l - 20 = d, -2*r + 51 = -r + l. What is the units digit of r?
5
Let h(o) = 2*o + 17. Let q be h(-7). Suppose -4*i + 2*g + 926 = 0, -q = -g - 2. Suppose 204 = 2*c + 2*c + 3*s, 5*c - i = 2*s. What is the units digit of c?
8
Let m = 54 + -103. Let q = 46 - m. What is the tens digit of q?
9
Suppose 5*m = n + 6, 3*n + 0*n - 5*m - 2 = 0. What is the units digit of -4 - (n - 6) - -69?
7
Let i = 170 + -242. Let a = i + 115. What is the tens digit of a?
4
Let c(k) = k**2 + 12*k + 34. Let p be (-16)/56 + (-103)/7. What is the units digit of c(p)?
9
Let q = 128 - 22. What is the tens digit of q?
0
Suppose -j = -2*w + 3*w - 428, 3*w - 1300 = j. What is the hundreds digit of w?
4
Suppose 3*y + 13*b - 1630 = 8*b, 3*b = -3. What is the tens digit of y?
4
Let l = -140 + 896. What is the hundreds digit of (-1 - 3)*l/(-21) - 0?
1
Let k be 6/12 + 35/2. Suppose 0 = -o + 29 + k. What is the units digit of o?
7
Let y(h) = -h**2 - 8*h + 6. Let p be y(-9). Let v = 1 + p. What is the units digit of v/(-3) - (-242)/6?
1
Let v be -1*(-4 + 22 + -1). Let h = 20 + v. Suppose -u = -4*x + 8, 3*u - 1 = h*x + 2. What is the units digit of x?
3
Suppose -4*t + 82 + 18 = 0. Suppose t = w + 4*w. Suppose 83 = w*v - 32. What is the tens digit of v?
2
Suppose 3*u = -s + 6*s + 3285, 4*u = 5*s + 4375. What is the units digit of u?
0
Let p(f) = -4*f + 6. Let t be p(-4). Suppose 3*m - t = m. Let h = m - -26. What is the units digit of h?
7
Let n be -2 + ((-16)/(-28))/((-6)/(-21)). Suppose -4*q = 3*l - 450, n*q - q - 4*l = -119. What is the units digit of q?
1
Let d = 207 + -107. Suppos